{"id":10041,"date":"2023-05-05T10:09:33","date_gmt":"2023-05-05T08:09:33","guid":{"rendered":"https:\/\/www.bz-bodnegg.de\/?page_id=10041"},"modified":"2025-06-30T14:06:03","modified_gmt":"2025-06-30T12:06:03","slug":"ipad-klassen","status":"publish","type":"page","link":"https:\/\/www.bz-bodnegg.de\/?page_id=10041","title":{"rendered":"Ipad Klassen"},"content":{"rendered":"\n<div class=\"wp-block-media-text alignwide is-stacked-on-mobile has-medium-font-size\" style=\"grid-template-columns:19% auto\"><figure class=\"wp-block-media-text__media\"><img loading=\"lazy\" decoding=\"async\" width=\"225\" height=\"225\" src=\"https:\/\/www.bz-bodnegg.de\/wp-content\/uploads\/2023\/05\/Tablet.jpg\" alt=\"\" class=\"wp-image-10042 size-full\" srcset=\"https:\/\/www.bz-bodnegg.de\/wp-content\/uploads\/2023\/05\/Tablet.jpg 225w, https:\/\/www.bz-bodnegg.de\/wp-content\/uploads\/2023\/05\/Tablet-110x110.jpg 110w, https:\/\/www.bz-bodnegg.de\/wp-content\/uploads\/2023\/05\/Tablet-144x144.jpg 144w\" sizes=\"auto, (max-width: 225px) 100vw, 225px\" \/><\/figure><div class=\"wp-block-media-text__content\">\n<p><a href=\"https:\/\/www.bz-bodnegg.de\/wp-content\/uploads\/2023\/11\/konzept-ipad-klasse-bz-bodnegg.pdf\" target=\"_blank\" rel=\"noreferrer noopener\">Konzept iPad-Klasse<\/a><br><a href=\"https:\/\/nc01.bz-bodnegg.de\/s\/XNL6B8oKxafFPEC\" target=\"_blank\" rel=\"noreferrer noopener\">FAQ<\/a><\/p>\n<\/div><\/div>\n\n\n\n<p>Nachdem in den vergangenen Jahren insgesamt neun iPad Koffer f\u00fcr den mobilen Einsatz in den Klassenzimmern am BZB angeschafft wurden und alle Klassenzimmer mit PC, Beamer, Dokumentenkamera und AppleTV ausgestattet wurden, sahen wir in der Implementierung einer iPad-Klasse den n\u00e4chsten logischen Schritt.<\/p>\n\n\n\n<p>Aufgrund der hohen Anmeldezahlen f\u00fcr die iPad-Klasse starteten wir im Schuljahr 2023\/ 2024 mit drei iPad Klassen. Zwei in der Realschule und eine in der Werkrealschule.<\/p>\n\n\n\n<p>Die Sch\u00fclerinnen und Sch\u00fcler einer iPad-Klasse starten zus\u00e4tzlich zu ihrem normal ausgestatteten Schulranzen mit einem eigenen iPad, Eingabestift und Tastatur in den Schultag. Damit haben die Sch\u00fclerinnen und Sch\u00fcler mit ihren Lehrerinnen und Lehrern in den Klassen jeweils ein weiteres Werkzeug im Schulalltag zur Hand, das den Weg und die M\u00f6glichkeiten des digitalen Arbeitens und Lernens enorm erleichtert.<\/p>\n\n\n\n<p>Man kann sich das so vorstellen, dass der Schultag und der Unterricht in den einzelnen F\u00e4chern ganz normal mit einer netten Begr\u00fc\u00dfung am Morgen beginnt. Die Lehrerinnen und Lehrer planen und f\u00fchren ihren Unterricht in den Klassen durch und wenn es das Thema erfordert, holen die Kinder ihre iPads aus den Schultaschen und nutzen sie in dieser Phase des Unterrichts als Werkzeug.<\/p>\n\n\n\n<p>Nat\u00fcrlich arbeiten wir auch weiterhin \u201etraditionell\u201c ganz analog mit Stift und Papier, erleben Dinge wie Modelle, Karten und B\u00fccher rein physisch. Wenn aber in einer Phase digitale Inhalte sinnvoll und notwendig erscheinen, werden die iPads aufgeklappt und die Sch\u00fclerinnen und Sch\u00fcler lernen diesen Abschnitt mit dem iPad.<\/p>\n\n\n\n<p>Als digitale Anlaufstelle und zur Organisation der Lernband-Aufgaben w\u00e4hrend der Lernband-Stunden dient uns Moodle als Lernplattform. Hier k\u00f6nnen die Arbeitsbl\u00e4tter\/Auftr\u00e4ge zur Bearbeitung abgerufen, Links ins Internet gesetzt oder Aktivit\u00e4ten direkt innerhalb der Lernplattform bearbeitet werden. Fertige Aufgaben k\u00f6nnen auch \u00fcber die Lernplattform zur Kontrolle an die Lehrkraft \u00fcbermittelt, von dieser kontrolliert und mit Individualfeedback an die Sch\u00fclerinnen und Sch\u00fcler zur\u00fcckgegeben werden.<\/p>\n\n\n\n<p>Grunds\u00e4tzlich wollen wir unseren Sch\u00fclerinnen und Sch\u00fcler folgende Kompetenzen vermitteln:<\/p>\n\n\n\n<ul class=\"wp-block-list\">\n<li>Kommunikation \u2013 sich zielgerichtet austauschen<\/li>\n\n\n\n<li>Kreativit\u00e4t \u2013 Ideen entwickeln und festhalten<\/li>\n\n\n\n<li>Kollaboration \u2013 Aufgaben gemeinsam bew\u00e4ltigen<\/li>\n\n\n\n<li>Kritisches Denken \u2013 Informationen hinterfragen und das eigene Handeln reflektieren<\/li>\n<\/ul>\n\n\n\n<p>Um dies zu erreichen, haben wir ein Konzept entwickelt, das wir in den iPad-Klassen umsetzen.<\/p>\n\n\n\n<p><\/p>\n\n\n\n<div class=\"wp-block-media-text alignwide is-stacked-on-mobile\"><figure class=\"wp-block-media-text__media\"><a href=\"https:\/\/bz-bodnegg.tabletklasse.de\/\" target=\"_blank\" rel=\"noreferrer noopener\"><img loading=\"lazy\" decoding=\"async\" width=\"318\" height=\"77\" src=\"https:\/\/www.bz-bodnegg.de\/wp-content\/uploads\/2023\/05\/Unbenannt.jpg\" alt=\"\" class=\"wp-image-10091 size-full\" srcset=\"https:\/\/www.bz-bodnegg.de\/wp-content\/uploads\/2023\/05\/Unbenannt.jpg 318w, https:\/\/www.bz-bodnegg.de\/wp-content\/uploads\/2023\/05\/Unbenannt-300x73.jpg 300w\" sizes=\"auto, (max-width: 318px) 100vw, 318px\" \/><\/a><\/figure><div class=\"wp-block-media-text__content\">\n<p><a rel=\"noreferrer noopener\" href=\"https:\/\/bz-bodnegg.tabletklasse.de\/\" target=\"_blank\">Bestellshop<\/a> f\u00fcr Ipads, Versicherung, H\u00fclle mit Tastatur, Stift, MDM-Lizenz<\/p>\n<\/div><\/div>\n\n\n\n<p><\/p>\n","protected":false},"excerpt":{"rendered":"<p>Konzept iPad-KlasseFAQ Nachdem in den vergangenen Jahren insgesamt neun iPad Koffer f\u00fcr den mobilen Einsatz in den Klassenzimmern am BZB angeschafft wurden und alle Klassenzimmer mit PC, Beamer, Dokumentenkamera und AppleTV ausgestattet wurden, sahen wir in der Implementierung einer iPad-Klasse den n\u00e4chsten logischen Schritt. Aufgrund der hohen Anmeldezahlen f\u00fcr die iPad-Klasse starteten wir im Schuljahr [&hellip;]<\/p>\n","protected":false},"author":4,"featured_media":0,"parent":0,"menu_order":0,"comment_status":"closed","ping_status":"closed","template":"","meta":{"_mc_calendar":[],"footnotes":""},"class_list":["post-10041","page","type-page","status-publish","hentry"],"_links":{"self":[{"href":"https:\/\/www.bz-bodnegg.de\/index.php?rest_route=\/wp\/v2\/pages\/10041","targetHints":{"allow":["GET"]}}],"collection":[{"href":"https:\/\/www.bz-bodnegg.de\/index.php?rest_route=\/wp\/v2\/pages"}],"about":[{"href":"https:\/\/www.bz-bodnegg.de\/index.php?rest_route=\/wp\/v2\/types\/page"}],"author":[{"embeddable":true,"href":"https:\/\/www.bz-bodnegg.de\/index.php?rest_route=\/wp\/v2\/users\/4"}],"replies":[{"embeddable":true,"href":"https:\/\/www.bz-bodnegg.de\/index.php?rest_route=%2Fwp%2Fv2%2Fcomments&post=10041"}],"version-history":[{"count":7,"href":"https:\/\/www.bz-bodnegg.de\/index.php?rest_route=\/wp\/v2\/pages\/10041\/revisions"}],"predecessor-version":[{"id":12362,"href":"https:\/\/www.bz-bodnegg.de\/index.php?rest_route=\/wp\/v2\/pages\/10041\/revisions\/12362"}],"wp:attachment":[{"href":"https:\/\/www.bz-bodnegg.de\/index.php?rest_route=%2Fwp%2Fv2%2Fmedia&parent=10041"}],"curies":[{"name":"wp","href":"https:\/\/api.w.org\/{rel}","templated":true}]}}