{"id":10261,"date":"2023-07-13T15:15:14","date_gmt":"2023-07-13T13:15:14","guid":{"rendered":"https:\/\/www.bz-bodnegg.de\/?page_id=10261"},"modified":"2023-07-13T15:15:14","modified_gmt":"2023-07-13T13:15:14","slug":"delf-integre-internationales-diplom","status":"publish","type":"page","link":"https:\/\/www.bz-bodnegg.de\/?page_id=10261","title":{"rendered":"DELF int\u00e9gr\u00e9 &#8211; Internationales Diplom"},"content":{"rendered":"\n<figure class=\"wp-block-image size-large\"><img loading=\"lazy\" decoding=\"async\" width=\"1024\" height=\"576\" src=\"https:\/\/www.bz-bodnegg.de\/wp-content\/uploads\/2023\/07\/276662_XXL-1024x576.jpg\" alt=\"\" class=\"wp-image-10263\" srcset=\"https:\/\/www.bz-bodnegg.de\/wp-content\/uploads\/2023\/07\/276662_XXL-1024x576.jpg 1024w, https:\/\/www.bz-bodnegg.de\/wp-content\/uploads\/2023\/07\/276662_XXL-300x169.jpg 300w, https:\/\/www.bz-bodnegg.de\/wp-content\/uploads\/2023\/07\/276662_XXL-768x432.jpg 768w, https:\/\/www.bz-bodnegg.de\/wp-content\/uploads\/2023\/07\/276662_XXL-1536x864.jpg 1536w, https:\/\/www.bz-bodnegg.de\/wp-content\/uploads\/2023\/07\/276662_XXL-624x351.jpg 624w, https:\/\/www.bz-bodnegg.de\/wp-content\/uploads\/2023\/07\/276662_XXL.jpg 2048w\" sizes=\"auto, (max-width: 1024px) 100vw, 1024px\" \/><\/figure>\n\n\n\n<p><strong>Delf ist ein international anerkanntes Diplom f\u00fcr Franz\u00f6sisch als Fremdsprache. Ab dem kommenden Schuljahr 2023\/2024 k\u00f6nnen unsere Franz\u00f6sischsch\u00fcler*innen dieses Diplom direkt an unserer Schule erwerben.<\/strong><\/p>\n\n\n\n<p>Wir sind stolz und froh, durch das Kultusministerium die Genehmigung zur Einrichtung des&nbsp;<strong>Partnerschaftsprojekts DELF scolaire int\u00e9gr\u00e9 A2<\/strong> erhalten zu haben.<\/p>\n\n\n\n<ul class=\"wp-block-list\">\n<li>Wir werden an der zentralen Pr\u00fcfung \u201eDELF scolaire int\u00e9gr\u00e9 A2\u201c im Rahmen des regul\u00e4ren Franz\u00f6sischunterrichts teilnehmen. Das bedeutet, dass die Sch\u00fcler*innen der Klassenstufe 9 die schriftliche DELF-Pr\u00fcfung als eine der vier Klassenarbeiten innerhalb des Franz\u00f6sischunterrichts schreiben.<\/li>\n\n\n\n<li>Sie entscheiden sich im Anschluss individuell, ob sie eine m\u00fcndliche Pr\u00fcfung ablegen, die dann von den zertifizierten Pr\u00fcferInnen Frau Obert und Herrn Stoeckl durchgef\u00fchrt wird.<\/li>\n\n\n\n<li>Damit k\u00f6nnen die Sch\u00fcler*innen das&nbsp;<strong>weltweit anerkannte<\/strong>&nbsp;<strong>DELF-Diplom<\/strong>&nbsp;erwerben, das lebenslang G\u00fcltigkeit hat!<\/li>\n\n\n\n<li>Das Ablegen der DELF-Pr\u00fcfung ist f\u00fcr die Sch\u00fcler*innen eine sehr gute Vorbereitung auf die Kommunikationspr\u00fcfung und die schriftliche Pr\u00fcfung in Klassenstufe 10.<\/li>\n<\/ul>\n\n\n\n<p>Alors, bonne chance!<\/p>\n","protected":false},"excerpt":{"rendered":"<p>Delf ist ein international anerkanntes Diplom f\u00fcr Franz\u00f6sisch als Fremdsprache. Ab dem kommenden Schuljahr 2023\/2024 k\u00f6nnen unsere Franz\u00f6sischsch\u00fcler*innen dieses Diplom direkt an unserer Schule erwerben. Wir sind stolz und froh, durch das Kultusministerium die Genehmigung zur Einrichtung des&nbsp;Partnerschaftsprojekts DELF scolaire int\u00e9gr\u00e9 A2 erhalten zu haben. Alors, bonne chance!<\/p>\n","protected":false},"author":4,"featured_media":0,"parent":0,"menu_order":0,"comment_status":"closed","ping_status":"closed","template":"","meta":{"_mc_calendar":[],"footnotes":""},"class_list":["post-10261","page","type-page","status-publish","hentry"],"_links":{"self":[{"href":"https:\/\/www.bz-bodnegg.de\/index.php?rest_route=\/wp\/v2\/pages\/10261","targetHints":{"allow":["GET"]}}],"collection":[{"href":"https:\/\/www.bz-bodnegg.de\/index.php?rest_route=\/wp\/v2\/pages"}],"about":[{"href":"https:\/\/www.bz-bodnegg.de\/index.php?rest_route=\/wp\/v2\/types\/page"}],"author":[{"embeddable":true,"href":"https:\/\/www.bz-bodnegg.de\/index.php?rest_route=\/wp\/v2\/users\/4"}],"replies":[{"embeddable":true,"href":"https:\/\/www.bz-bodnegg.de\/index.php?rest_route=%2Fwp%2Fv2%2Fcomments&post=10261"}],"version-history":[{"count":1,"href":"https:\/\/www.bz-bodnegg.de\/index.php?rest_route=\/wp\/v2\/pages\/10261\/revisions"}],"predecessor-version":[{"id":10265,"href":"https:\/\/www.bz-bodnegg.de\/index.php?rest_route=\/wp\/v2\/pages\/10261\/revisions\/10265"}],"wp:attachment":[{"href":"https:\/\/www.bz-bodnegg.de\/index.php?rest_route=%2Fwp%2Fv2%2Fmedia&parent=10261"}],"curies":[{"name":"wp","href":"https:\/\/api.w.org\/{rel}","templated":true}]}}