{"id":178,"date":"2014-09-12T09:15:57","date_gmt":"2014-09-12T07:15:57","guid":{"rendered":"http:\/\/www.bz-bodnegg.de\/?page_id=178"},"modified":"2023-01-25T13:28:53","modified_gmt":"2023-01-25T11:28:53","slug":"schuelercafe","status":"publish","type":"page","link":"https:\/\/www.bz-bodnegg.de\/?page_id=178","title":{"rendered":"Sch\u00fclercafe"},"content":{"rendered":"<p><strong>\u00dcber MITTAG <\/strong>ist unser Sch\u00fclercaf\u00e9 <span class=\"ff2 fc0 fs10 \">von 12:00 bis 14:00 Uhr ge\u00f6ffnet. Es befindet sich im Untergeschoss des Mensageb\u00e4udes.<\/span><\/p>\n<p><span class=\"ff2 fc0 fs10 \"><br \/>\n<\/span><img loading=\"lazy\" decoding=\"async\" class=\"alignnone size-full wp-image-319\" src=\"https:\/\/www.bz-bodnegg.de\/wp-content\/uploads\/2014\/09\/IMG_0810.jpg\" alt=\"IMG_0810\" width=\"650\" height=\"300\" srcset=\"https:\/\/www.bz-bodnegg.de\/wp-content\/uploads\/2014\/09\/IMG_0810.jpg 650w, https:\/\/www.bz-bodnegg.de\/wp-content\/uploads\/2014\/09\/IMG_0810-300x138.jpg 300w, https:\/\/www.bz-bodnegg.de\/wp-content\/uploads\/2014\/09\/IMG_0810-624x288.jpg 624w\" sizes=\"auto, (max-width: 650px) 100vw, 650px\" \/> <img loading=\"lazy\" decoding=\"async\" class=\"alignnone wp-image-320 size-full\" src=\"https:\/\/www.bz-bodnegg.de\/wp-content\/uploads\/2014\/09\/IMG_08091.jpg\" alt=\"IMG_0809\" width=\"650\" height=\"300\" srcset=\"https:\/\/www.bz-bodnegg.de\/wp-content\/uploads\/2014\/09\/IMG_08091.jpg 650w, https:\/\/www.bz-bodnegg.de\/wp-content\/uploads\/2014\/09\/IMG_08091-300x138.jpg 300w, https:\/\/www.bz-bodnegg.de\/wp-content\/uploads\/2014\/09\/IMG_08091-624x288.jpg 624w\" sizes=\"auto, (max-width: 650px) 100vw, 650px\" \/><\/p>\n","protected":false},"excerpt":{"rendered":"<p>\u00dcber MITTAG ist unser Sch\u00fclercaf\u00e9 von 12:00 bis 14:00 Uhr ge\u00f6ffnet. Es befindet sich im Untergeschoss des Mensageb\u00e4udes.<\/p>\n","protected":false},"author":4,"featured_media":0,"parent":0,"menu_order":0,"comment_status":"closed","ping_status":"closed","template":"","meta":{"_mc_calendar":[],"footnotes":""},"class_list":["post-178","page","type-page","status-publish","hentry"],"_links":{"self":[{"href":"https:\/\/www.bz-bodnegg.de\/index.php?rest_route=\/wp\/v2\/pages\/178","targetHints":{"allow":["GET"]}}],"collection":[{"href":"https:\/\/www.bz-bodnegg.de\/index.php?rest_route=\/wp\/v2\/pages"}],"about":[{"href":"https:\/\/www.bz-bodnegg.de\/index.php?rest_route=\/wp\/v2\/types\/page"}],"author":[{"embeddable":true,"href":"https:\/\/www.bz-bodnegg.de\/index.php?rest_route=\/wp\/v2\/users\/4"}],"replies":[{"embeddable":true,"href":"https:\/\/www.bz-bodnegg.de\/index.php?rest_route=%2Fwp%2Fv2%2Fcomments&post=178"}],"version-history":[{"count":15,"href":"https:\/\/www.bz-bodnegg.de\/index.php?rest_route=\/wp\/v2\/pages\/178\/revisions"}],"predecessor-version":[{"id":9645,"href":"https:\/\/www.bz-bodnegg.de\/index.php?rest_route=\/wp\/v2\/pages\/178\/revisions\/9645"}],"wp:attachment":[{"href":"https:\/\/www.bz-bodnegg.de\/index.php?rest_route=%2Fwp%2Fv2%2Fmedia&parent=178"}],"curies":[{"name":"wp","href":"https:\/\/api.w.org\/{rel}","templated":true}]}}