{"id":1948,"date":"2016-01-26T09:21:22","date_gmt":"2016-01-26T07:21:22","guid":{"rendered":"http:\/\/www.bz-bodnegg.de\/?page_id=1948"},"modified":"2026-01-16T14:28:37","modified_gmt":"2026-01-16T12:28:37","slug":"vorwort","status":"publish","type":"page","link":"https:\/\/www.bz-bodnegg.de\/?page_id=1948","title":{"rendered":"Vorwort"},"content":{"rendered":"<p style=\"text-align: justify;\">Das <a href=\"https:\/\/www.bz-bodnegg.de\/?page_id=143\">Johann Baptist von Hirscher<\/a>-Schulzentrum (kurz: Bildungszentrum Bodnegg) ist eine Verbundschule, die von ca. 650 &#8211; 700 Sch\u00fclerinnen und Sch\u00fclern besucht wird.<\/p>\n<p style=\"text-align: justify;\">Grundschule, Werkrealschule, Realschule bilden \u00fcber die einzelnen Schularten hinweg eine Gemeinschaft mit gemeinsamen Unterrichtsr\u00e4umen, gemeinsamen Projekten, gemeinsamen Festen, einem Kollegium (75 Lehrkr\u00e4fte), zwei Schulsozialarbeiterinnen und einer Schulleitung.<\/p>\n<p style=\"text-align: justify;\">Das Bildungszentrum Bodnegg ist seit 1968 eine gebundene Ganztagsschule f\u00fcr alle Schularten ab der Klassenstufe 5. Die Gemeinde Bodnegg bietet f\u00fcr die Grundschule umfassende und flexible Betreuungsm\u00f6glichkeiten vor und nach der Unterrichtszeit an.<\/p>\n<p style=\"text-align: justify;\">Ganztagsschule bedeutet am Bildungszentrum Bodnegg weit mehr als Unterricht und Mittagessen, denn \u00fcber die vielen Jahre hinweg entwickelte die Schule ein stimmiges p\u00e4dagogisches Konzept, indem neben der Vermittlung von Wissen, F\u00e4higkeiten und Fertigkeiten gleichrangig das \u00dcben und Festigen von personalen, sozialen und methodischen Kompetenzen steht. Die Bausteine <a href=\"https:\/\/www.bz-bodnegg.de\/wp-content\/uploads\/2022\/11\/Unbenannt-1.jpg\" target=\"_blank\" rel=\"noopener\">F\u00f6rdern &amp; Fordern<\/a> sind wichtiger Bestandteil unseres Fundaments. Das Leitmotiv \u201eOhne WIR gibt es kein ICH\u201c sowie die vielf\u00e4ltigen Freizeit- und Ganztagsangebote bilden die Grundlage, Schule als Lebensraum zu erfahren.<\/p>\n<p style=\"text-align: justify;\">Soziales Lernen und soziales Engagement, Pr\u00e4ventionsarbeit, Einbindung von au\u00dferschulischen Partnern sowie der Sch\u00fcleraustausch mit Vouvry sind feste Bestandteile des Schullebens.<\/p>\n<p style=\"text-align: justify;\">Au\u00dferdem setzt die Schule ein schl\u00fcssiges Konzept zur Berufsorientierung bzw. zur Vorbereitung auf den Beruf und die weitere schulische Bildung um und erhielt daf\u00fcr die Auszeichnung \u201eBerufswahl-Siegel Baden-W\u00fcrttemberg\u201c.<\/p>\n<p>Die Schule verf\u00fcgt \u00fcber eine sehr gute digitale Ausstattung in den Klassenzimmern. Der Einsatz von Ipads wird zunehmend fester Bestandteil im Unterricht.<\/p>\n<p style=\"text-align: justify;\">Die Busunternehmen Schuler, Hagmann und Strauss <a href=\"https:\/\/www.bz-bodnegg.de\/?page_id=2373\">fahren<\/a> das l\u00e4ndliche Bildungszentrum Bodnegg\u00a0auf vielen Linien direkt und ohne Umsteigen an.<\/p>\n<p style=\"text-align: justify;\"><strong>Folgende Abschl\u00fcsse k\u00f6nnen an der Schule erworben werden:<\/strong><br \/>\n<strong>Realschulabschluss<\/strong> nach Klasse 10 (Mittlere Reife)<br \/>\n<strong>Werkrealschulabschluss<\/strong> nach Klasse 10 (Mittlere Reife)<br \/>\n<strong>Hauptschulabschluss<\/strong> nach Klasse 9 oder 10<\/p>\n","protected":false},"excerpt":{"rendered":"<p>Das Johann Baptist von Hirscher-Schulzentrum (kurz: Bildungszentrum Bodnegg) ist eine Verbundschule, die von ca. 650 &#8211; 700 Sch\u00fclerinnen und Sch\u00fclern besucht wird. Grundschule, Werkrealschule, Realschule bilden \u00fcber die einzelnen Schularten hinweg eine Gemeinschaft mit gemeinsamen Unterrichtsr\u00e4umen, gemeinsamen Projekten, gemeinsamen Festen, einem Kollegium (75 Lehrkr\u00e4fte), zwei Schulsozialarbeiterinnen und einer Schulleitung. Das Bildungszentrum Bodnegg ist seit 1968 [&hellip;]<\/p>\n","protected":false},"author":4,"featured_media":0,"parent":0,"menu_order":0,"comment_status":"closed","ping_status":"closed","template":"","meta":{"_mc_calendar":[],"footnotes":""},"class_list":["post-1948","page","type-page","status-publish","hentry"],"_links":{"self":[{"href":"https:\/\/www.bz-bodnegg.de\/index.php?rest_route=\/wp\/v2\/pages\/1948","targetHints":{"allow":["GET"]}}],"collection":[{"href":"https:\/\/www.bz-bodnegg.de\/index.php?rest_route=\/wp\/v2\/pages"}],"about":[{"href":"https:\/\/www.bz-bodnegg.de\/index.php?rest_route=\/wp\/v2\/types\/page"}],"author":[{"embeddable":true,"href":"https:\/\/www.bz-bodnegg.de\/index.php?rest_route=\/wp\/v2\/users\/4"}],"replies":[{"embeddable":true,"href":"https:\/\/www.bz-bodnegg.de\/index.php?rest_route=%2Fwp%2Fv2%2Fcomments&post=1948"}],"version-history":[{"count":9,"href":"https:\/\/www.bz-bodnegg.de\/index.php?rest_route=\/wp\/v2\/pages\/1948\/revisions"}],"predecessor-version":[{"id":9564,"href":"https:\/\/www.bz-bodnegg.de\/index.php?rest_route=\/wp\/v2\/pages\/1948\/revisions\/9564"}],"wp:attachment":[{"href":"https:\/\/www.bz-bodnegg.de\/index.php?rest_route=%2Fwp%2Fv2%2Fmedia&parent=1948"}],"curies":[{"name":"wp","href":"https:\/\/api.w.org\/{rel}","templated":true}]}}