{"id":2373,"date":"2016-06-02T06:46:51","date_gmt":"2016-06-02T04:46:51","guid":{"rendered":"http:\/\/www.bz-bodnegg.de\/?page_id=2373"},"modified":"2025-12-10T17:08:33","modified_gmt":"2025-12-10T15:08:33","slug":"direkt-zu-uns","status":"publish","type":"page","link":"https:\/\/www.bz-bodnegg.de\/?page_id=2373","title":{"rendered":"Direkt zu uns mit dem BUS"},"content":{"rendered":"\n<div class=\"wp-block-columns is-layout-flex wp-container-core-columns-is-layout-9d6595d7 wp-block-columns-is-layout-flex\">\n<div class=\"wp-block-column is-layout-flow wp-block-column-is-layout-flow\" style=\"flex-basis:66.66%\">\n<figure class=\"wp-block-image size-large is-resized\"><img decoding=\"async\" src=\"https:\/\/www.bz-bodnegg.de\/wp-content\/uploads\/2016\/06\/Bildschirmfoto-2016-06-30-um-15.18.20.png\" alt=\"\" style=\"width:414px;height:227px\"\/><\/figure>\n\n\n\n<p><strong>Alle Wege f\u00fchren nach&#8230;Bodnegg!<\/strong><\/p>\n<\/div>\n\n\n\n<div class=\"wp-block-column is-layout-flow wp-block-column-is-layout-flow\" style=\"flex-basis:33.33%\">\n<p><em>&#8222;Durch die st\u00e4ndige Erweiterung des Bildungsangebotes an der Schule, ist unser<\/em><br><em>Liniennetz gro\u00dfr\u00e4umig ausgebaut worden um m\u00f6glichst alle Bef\u00f6rderungsw\u00fcnsche zum Schul<\/em><em>zentrum erf\u00fcllen zu k\u00f6nnen!&#8220;<\/em><br>(Mario Schuler, Busunternehmer)<\/p>\n<\/div>\n<\/div>\n\n\n\n<p class=\"has-text-align-left\"><strong>Wie kommt mein Kind mit dem Bus zur Schule?<\/strong><\/p>\n\n\n\n<h2 class=\"wp-block-heading\"><strong>Besonderheiten im Linienverkehr zum BZ Bodnegg:<\/strong><\/h2>\n\n\n\n<ul class=\"wp-block-list\">\n<li>Bedarfsgerechte Ausrichtung des Linienverkehrs an die Schulanfangszeiten<\/li>\n\n\n\n<li>Bedarfsgerechte Ausrichtung des Linienverkehrs zum Unterrichtsende zur 6. Schulstunde am Mittag<\/li>\n\n\n\n<li>Bedarfsgerechte R\u00fcckfahrten direkt nach Schulschluss bei Nachmittagsunterricht<\/li>\n\n\n\n<li>10 Minuten vor Unterrichtsbeginn Ankunft direkt an der Schule<\/li>\n\n\n\n<li>10 Minuten nach Unterrichtsende Abfahrt aller Linien<\/li>\n\n\n\n<li>4 von Lehrkr\u00e4ften beaufsichtige Abfahrtsstellen f\u00fcr die R\u00fcckfahrten<\/li>\n\n\n\n<li>Busbegleiter in vielen Linienbussen<\/li>\n\n\n\n<li>Flexible R\u00fcckfahrten bei besonderen Schulbed\u00fcrfnissen<\/li>\n\n\n\n<li>Enge Fahrplanabstimmung mit dem Bildungszentrum Bodnegg<\/li>\n\n\n\n<li>Fahrplaninformationsveranstaltung am Tag der offenen T\u00fcr <b><br><\/b><\/li>\n<\/ul>\n\n\n\n<figure class=\"wp-block-gallery has-nested-images columns-default is-cropped wp-block-gallery-1 is-layout-flex wp-block-gallery-is-layout-flex\">\n<figure class=\"wp-block-image\"><a href=\"https:\/\/www.bz-bodnegg.de\/wp-content\/uploads\/2021\/02\/Bus.jpg\"><img loading=\"lazy\" decoding=\"async\" width=\"627\" height=\"372\" data-id=\"7602\" src=\"https:\/\/www.bz-bodnegg.de\/wp-content\/uploads\/2021\/02\/Bus.jpg\" alt=\"\" class=\"wp-image-7602\" srcset=\"https:\/\/www.bz-bodnegg.de\/wp-content\/uploads\/2021\/02\/Bus.jpg 627w, https:\/\/www.bz-bodnegg.de\/wp-content\/uploads\/2021\/02\/Bus-300x178.jpg 300w, https:\/\/www.bz-bodnegg.de\/wp-content\/uploads\/2021\/02\/Bus-624x370.jpg 624w\" sizes=\"auto, (max-width: 627px) 100vw, 627px\" \/><\/a><\/figure>\n\n\n\n<figure class=\"wp-block-image\"><a href=\"https:\/\/www.bz-bodnegg.de\/wp-content\/uploads\/2021\/01\/IMG_0579.jpg\"><img loading=\"lazy\" decoding=\"async\" width=\"1024\" height=\"683\" data-id=\"7376\" src=\"https:\/\/www.bz-bodnegg.de\/wp-content\/uploads\/2021\/01\/IMG_0579-1024x683.jpg\" alt=\"\" class=\"wp-image-7376\" srcset=\"https:\/\/www.bz-bodnegg.de\/wp-content\/uploads\/2021\/01\/IMG_0579-1024x683.jpg 1024w, https:\/\/www.bz-bodnegg.de\/wp-content\/uploads\/2021\/01\/IMG_0579-300x200.jpg 300w, https:\/\/www.bz-bodnegg.de\/wp-content\/uploads\/2021\/01\/IMG_0579-768x512.jpg 768w, https:\/\/www.bz-bodnegg.de\/wp-content\/uploads\/2021\/01\/IMG_0579-1536x1024.jpg 1536w, https:\/\/www.bz-bodnegg.de\/wp-content\/uploads\/2021\/01\/IMG_0579-624x416.jpg 624w, https:\/\/www.bz-bodnegg.de\/wp-content\/uploads\/2021\/01\/IMG_0579.jpg 1920w\" sizes=\"auto, (max-width: 1024px) 100vw, 1024px\" \/><\/a><\/figure>\n<\/figure>\n\n\n\n<figure class=\"wp-block-table\"><table><thead><tr><th>Ansprechpartner<\/th><th><\/th><th><\/th><\/tr><\/thead><tbody><tr><td><a href=\"http:\/\/www.strauss-reisen.de\/\" target=\"_blank\" rel=\"noreferrer noopener\" aria-label=\"Busunternehmen Strauss (\u00f6ffnet in neuem Tab)\">Busunternehmen Strauss<\/a><\/td><td>Linie 222<\/td><td>07542 &#8211; 53000<\/td><\/tr><tr><td><a href=\"http:\/\/www.stadtbus-rv-wgt.de\/stadtbus\/partner-hagmann\/\" target=\"_blank\" rel=\"noreferrer noopener\" aria-label=\" (\u00f6ffnet in neuem Tab)\">Busunternehmen Hagmann<\/a><\/td><td>Linie 21<\/td><td>0751 &#8211; 3949<\/td><\/tr><tr><td><a href=\"https:\/\/www.omnibus-schuler.de\/\" target=\"_blank\" rel=\"noreferrer noopener\" aria-label=\"Busunternehmen Schuler (\u00f6ffnet in neuem Tab)\">Busunternehmen Schuler<\/a><\/td><td>Linien 101 bis 105.2<\/td><td>07520 &#8211; 92030<\/td><\/tr><\/tbody><\/table><\/figure>\n\n\n\n<p><a href=\"https:\/\/www.bz-bodnegg.de\/wp-content\/uploads\/2025\/12\/Fahrplanwechsel-Dezember-Info.pdf\" target=\"_blank\" rel=\"noreferrer noopener\">Informationen<\/a> zum Fahrplanwechsel ab 14.12.2025<\/p>\n\n\n\n<figure class=\"wp-block-table\"><table><tbody><tr><td><a href=\"https:\/\/www.bz-bodnegg.de\/wp-content\/uploads\/2024\/12\/Linie-222.pdf\" target=\"_blank\" rel=\"noreferrer noopener\">Linie 222<\/a><\/td><td>Tettnang &#8211; Obereisenbach &#8211; Bodnegg<\/td><\/tr><tr><td><a href=\"https:\/\/www.bz-bodnegg.de\/wp-content\/uploads\/2024\/12\/21_ab15.12.2024.pdf\" target=\"_blank\" rel=\"noreferrer noopener\">Linie 21<\/a><\/td><td>Ravensburg &#8211; Gr\u00fcnkraut &#8211; Bodnegg<br><a href=\"https:\/\/www.bz-bodnegg.de\/wp-content\/uploads\/2025\/05\/Information-fuer-unsere-Gruenkrauter-Bus.pdf\" target=\"_blank\" rel=\"noreferrer noopener\">Information f\u00fcr unsere Gr\u00fcnkrauter Sch\u00fclerInnen<\/a><\/td><\/tr><tr><td><a href=\"https:\/\/www.bz-bodnegg.de\/wp-content\/uploads\/2025\/10\/0101_Bodnegg.pdf\" target=\"_blank\" rel=\"noreferrer noopener\">Linie 101<\/a><\/td><td>Bodnegg &#8211; Vogt &#8211; Unterankenreute &#8211; Schlier &#8211; Bodnegg <\/td><\/tr><tr><td><a href=\"https:\/\/www.bz-bodnegg.de\/wp-content\/uploads\/2025\/10\/0102_Bodnegg.pdf\" target=\"_blank\" rel=\"noreferrer noopener\">Linie 102<\/a><\/td><td>Bodnegg &#8211; Wolfegg &#8211; Vogt &#8211; Waldburg &#8211; Bodnegg <\/td><\/tr><tr><td><a href=\"https:\/\/www.bz-bodnegg.de\/wp-content\/uploads\/2025\/10\/0103_Bodnegg.pdf\" target=\"_blank\" rel=\"noreferrer noopener\">Linie 103<\/a><\/td><td>Bodnegg &#8211; Wollmarshofen &#8211; Prestenberg &#8211; Linden &#8211; Tobel &#8211; Bodnegg <\/td><\/tr><tr><td><a href=\"https:\/\/www.bz-bodnegg.de\/wp-content\/uploads\/2025\/10\/0104_Tannau.pdf\" target=\"_blank\" rel=\"noreferrer noopener\">Linie 104<\/a><\/td><td> Tannau &#8211; Neukirch &#8211; Haslach &#8211; Amtzell &#8211; Bodnegg <\/td><\/tr><tr><td><a href=\"https:\/\/www.bz-bodnegg.de\/wp-content\/uploads\/2025\/10\/0105_1_Bodnegg.pdf\" target=\"_blank\" rel=\"noreferrer noopener\">Linie 105.1<\/a><\/td><td>Bodnegg &#8211; Hergensw. &#8211; Neuravensburg &#8211; Niederwangen &#8211; Bodnegg <\/td><\/tr><tr><td><a href=\"https:\/\/www.bz-bodnegg.de\/wp-content\/uploads\/2025\/10\/0105_2_Bodnegg.pdf\" target=\"_blank\" rel=\"noreferrer noopener\">Linie 105.2<\/a><\/td><td>Karbach &#8211; Wangen &#8211; Niederwangen &#8211; Primisweiler &#8211; Bodnegg <\/td><\/tr><\/tbody><\/table><\/figure>\n\n\n\n<figure class=\"wp-block-image size-full\"><a href=\"https:\/\/www.bz-bodnegg.de\/wp-content\/uploads\/2021\/01\/Haltestellen-am-BZB_\u00dcbersicht_2020.pdf\" target=\"_blank\" rel=\"noreferrer noopener\"><img loading=\"lazy\" decoding=\"async\" width=\"1709\" height=\"1227\" src=\"https:\/\/www.bz-bodnegg.de\/wp-content\/uploads\/2021\/01\/Haltestellen.jpg\" alt=\"\" class=\"wp-image-7485\" srcset=\"https:\/\/www.bz-bodnegg.de\/wp-content\/uploads\/2021\/01\/Haltestellen.jpg 1709w, https:\/\/www.bz-bodnegg.de\/wp-content\/uploads\/2021\/01\/Haltestellen-300x215.jpg 300w, https:\/\/www.bz-bodnegg.de\/wp-content\/uploads\/2021\/01\/Haltestellen-1024x735.jpg 1024w, https:\/\/www.bz-bodnegg.de\/wp-content\/uploads\/2021\/01\/Haltestellen-768x551.jpg 768w, https:\/\/www.bz-bodnegg.de\/wp-content\/uploads\/2021\/01\/Haltestellen-1536x1103.jpg 1536w, https:\/\/www.bz-bodnegg.de\/wp-content\/uploads\/2021\/01\/Haltestellen-624x448.jpg 624w\" sizes=\"auto, (max-width: 1709px) 100vw, 1709px\" \/><\/a><\/figure>\n","protected":false},"excerpt":{"rendered":"<p>Alle Wege f\u00fchren nach&#8230;Bodnegg! &#8222;Durch die st\u00e4ndige Erweiterung des Bildungsangebotes an der Schule, ist unserLiniennetz gro\u00dfr\u00e4umig ausgebaut worden um m\u00f6glichst alle Bef\u00f6rderungsw\u00fcnsche zum Schulzentrum erf\u00fcllen zu k\u00f6nnen!&#8220;(Mario Schuler, Busunternehmer) Wie kommt mein Kind mit dem Bus zur Schule? Besonderheiten im Linienverkehr zum BZ Bodnegg: Ansprechpartner Busunternehmen Strauss Linie 222 07542 &#8211; 53000 Busunternehmen Hagmann Linie [&hellip;]<\/p>\n","protected":false},"author":4,"featured_media":0,"parent":0,"menu_order":0,"comment_status":"closed","ping_status":"closed","template":"","meta":{"_mc_calendar":[],"footnotes":""},"class_list":["post-2373","page","type-page","status-publish","hentry"],"_links":{"self":[{"href":"https:\/\/www.bz-bodnegg.de\/index.php?rest_route=\/wp\/v2\/pages\/2373","targetHints":{"allow":["GET"]}}],"collection":[{"href":"https:\/\/www.bz-bodnegg.de\/index.php?rest_route=\/wp\/v2\/pages"}],"about":[{"href":"https:\/\/www.bz-bodnegg.de\/index.php?rest_route=\/wp\/v2\/types\/page"}],"author":[{"embeddable":true,"href":"https:\/\/www.bz-bodnegg.de\/index.php?rest_route=\/wp\/v2\/users\/4"}],"replies":[{"embeddable":true,"href":"https:\/\/www.bz-bodnegg.de\/index.php?rest_route=%2Fwp%2Fv2%2Fcomments&post=2373"}],"version-history":[{"count":53,"href":"https:\/\/www.bz-bodnegg.de\/index.php?rest_route=\/wp\/v2\/pages\/2373\/revisions"}],"predecessor-version":[{"id":12799,"href":"https:\/\/www.bz-bodnegg.de\/index.php?rest_route=\/wp\/v2\/pages\/2373\/revisions\/12799"}],"wp:attachment":[{"href":"https:\/\/www.bz-bodnegg.de\/index.php?rest_route=%2Fwp%2Fv2%2Fmedia&parent=2373"}],"curies":[{"name":"wp","href":"https:\/\/api.w.org\/{rel}","templated":true}]}}