{"id":2917,"date":"2016-12-17T08:21:32","date_gmt":"2016-12-17T06:21:32","guid":{"rendered":"http:\/\/www.bz-bodnegg.de\/?page_id=2917"},"modified":"2023-01-25T13:26:42","modified_gmt":"2023-01-25T11:26:42","slug":"lernband","status":"publish","type":"page","link":"https:\/\/www.bz-bodnegg.de\/?page_id=2917","title":{"rendered":"Lernband"},"content":{"rendered":"\n<div class=\"wp-block-columns is-layout-flex wp-container-core-columns-is-layout-9d6595d7 wp-block-columns-is-layout-flex\">\n<div class=\"wp-block-column is-layout-flow wp-block-column-is-layout-flow\">\n<figure class=\"wp-block-image size-full\"><img loading=\"lazy\" decoding=\"async\" width=\"683\" height=\"1024\" src=\"https:\/\/www.bz-bodnegg.de\/wp-content\/uploads\/2023\/01\/image-rotated-e1674645761445.jpeg\" alt=\"\" class=\"wp-image-9642\" srcset=\"https:\/\/www.bz-bodnegg.de\/wp-content\/uploads\/2023\/01\/image-rotated-e1674645761445.jpeg 683w, https:\/\/www.bz-bodnegg.de\/wp-content\/uploads\/2023\/01\/image-rotated-e1674645761445-200x300.jpeg 200w, https:\/\/www.bz-bodnegg.de\/wp-content\/uploads\/2023\/01\/image-rotated-e1674645761445-624x936.jpeg 624w\" sizes=\"auto, (max-width: 683px) 100vw, 683px\" \/><\/figure>\n<\/div>\n\n\n\n<div class=\"wp-block-column is-layout-flow wp-block-column-is-layout-flow\">\n<p><strong>Ein p\u00e4dagogisches Konzept zur F\u00f6rderung&nbsp; selbstst\u00e4ndigen&nbsp; und selbstverantwortlichen Lernens<\/strong><\/p>\n\n\n\n<p>Zu Beginn des Schuljahres 2016\/17 wurde f\u00fcr die Klassenstufe 5 \/ 6 das Lernband sowohl an der Realschule als auch an der Werkrealschule eingef\u00fchrt.<\/p>\n\n\n\n<p>Unter diesem Begriff wurden die bisherigen Bezeichnungen (Arbeitsstunde, Lerninsel, Lernwerkstatt) zu einem stimmigen Konzept der individuellen F\u00f6rderung jeden einzelnen Sch\u00fclers \/ jeder einzelner Sch\u00fclerin zusammengefasst.<br>Das Lernband zieht sich von Montag bis Freitag wie ein Band durch den Stundenplan der Klassen 5-10.<\/p>\n<\/div>\n<\/div>\n\n\n\n<p>An jedem Tag der Woche ist eine dieser Lernbandstunden in den Klassen 5-8 fest im Plan verankert. Die Sch\u00fcler kennen innerhalb k\u00fcrzester Zeit den Ablauf: Ankommen &#8211; kurzes Nachdenken (was muss\/m\u00f6chte ich heute erledigen? \/ in welcher Reihenfolge?) &#8211; Material herrichten &#8211; Phase absolut stillen Arbeitens &#8211; Phase, in der nachgefragt werden kann &#8211; Aufr\u00e4umen. Am Freitag kommt noch eine Phase hinzu, n\u00e4mlich die der Reflexion. Diese erfolgt schriftlich im Schultimer, der \u00fcber das Wochenende mit nach Hause genommen wird, sodass die Eltern nachschauen k\u00f6nnen, welche Inhalte und Schwerpunkte \u00fcber die Woche hinweg Bestandteil der schulischen Arbeit waren und best\u00e4tigen dies mit ihrer Unterschrift.<\/p>\n\n\n\n<p>Im Lernband bearbeiten die Sch\u00fclerinnen und Sch\u00fcler selbstst\u00e4ndig Aufgaben, die sich mit (aktuellen oder neu zu erarbeitenden) Themen des Regelunterrichts befassen, die unterschiedliche Schwierigkeitsgrade (Niveaus) zur Differenzierung beinhalten; es gibt je nach Fach Pflicht- und Wahlaufgaben. Dadurch lernen die Sch\u00fclerinnen und Sch\u00fcler ihr Leistungsniveau einzusch\u00e4tzen, aber sie lernen auch, sich \u201edurchzubei\u00dfen\u201c und sich an schwierigere Aufgabenstellungen heranzuwagen, denn sie werden w\u00e4hrend dieser Stunden (in der Regel) von zwei Lehrkr\u00e4ften begleitet, die die Sch\u00fcler durchaus darauf aufmerksam machen, diese oder jene Aufgabe zu erledigen.<\/p>\n\n\n\n<p>Diese Vorgehensweise unterst\u00fctzt die Ziele der Orientierungsstufe, die die Klassen 5 und 6 umfasst: Die Aufgaben an der Realschule erfolgen auf mittlerem Niveau, die der Werkrealschule auf dem grundlegenden Niveau. F\u00fcr leistungsschw\u00e4chere Sch\u00fclerinnen und Sch\u00fcler an beiden Schularten gibt es auf diesem Weg F\u00f6rderm\u00f6glichkeiten, mit dem Ziel, sie an die Anforderungen der jeweiligen Schulart heranzuf\u00fchren. Aber genauso gibt es f\u00fcr leistungsst\u00e4rkere Sch\u00fcler\/innen die M\u00f6glichkeit, sich einem h\u00f6heren Leistungsniveau zu stellen.<\/p>\n\n\n\n<p>Da die Aufgaben als Wochenaufgaben gestellt werden, lernen die Sch\u00fclerinnen und Sch\u00fcler zudem ihre Zeit einzuteilen.<\/p>\n\n\n\n<p>Die Sch\u00fclerinnen und Sch\u00fcler arbeiten ruhig und selbstst\u00e4ndig und \u00fcbernehmen die Verantwortung f\u00fcr ihr Lernen. Durch die Art der Aufgabenstellungen, das Material und das hohe Ma\u00df an Selbstst\u00e4ndigkeit steigt die Lernmotivation.<\/p>\n\n\n\n<p>Die P\u00e4dagogen stehen den Lernenden nicht mehr in erster Linie als Lehrende, sondern vorwiegend als Lernbegleiter zur Verf\u00fcgung.<\/p>\n\n\n\n<p>In regelm\u00e4\u00dfigen Abst\u00e4nden oder aber bei Bedarf finden Lernentwicklungsgespr\u00e4che (LEGs) zwischen Lehrern und Sch\u00fclern statt. Diese werden in vertraulicher Atmosph\u00e4re, in der Regel unter vier Augen, gef\u00fchrt. In diesen Gespr\u00e4chen wird au\u00dfer dem pers\u00f6nlichen Lernzuwachs sowie den Zielen alles thematisiert, was scheinbar \u201enur\u201c peripher die momentane und individuelle Lernsituation der Sch\u00fcler positiv oder negativ beeinflussen k\u00f6nnte.<\/p>\n\n\n\n<p>In den Klassenstufen 9 und 10 arbeiten die Sch\u00fclerInnen gezielt in Einzel- bzw. Doppellernbandstunden auf die Pr\u00fcfung hin. <\/p>\n\n\n\n<p>&nbsp;<\/p>\n","protected":false},"excerpt":{"rendered":"<p>Ein p\u00e4dagogisches Konzept zur F\u00f6rderung&nbsp; selbstst\u00e4ndigen&nbsp; und selbstverantwortlichen Lernens Zu Beginn des Schuljahres 2016\/17 wurde f\u00fcr die Klassenstufe 5 \/ 6 das Lernband sowohl an der Realschule als auch an der Werkrealschule eingef\u00fchrt. Unter diesem Begriff wurden die bisherigen Bezeichnungen (Arbeitsstunde, Lerninsel, Lernwerkstatt) zu einem stimmigen Konzept der individuellen F\u00f6rderung jeden einzelnen Sch\u00fclers \/ jeder [&hellip;]<\/p>\n","protected":false},"author":4,"featured_media":0,"parent":0,"menu_order":0,"comment_status":"closed","ping_status":"closed","template":"","meta":{"_mc_calendar":[],"footnotes":""},"class_list":["post-2917","page","type-page","status-publish","hentry"],"_links":{"self":[{"href":"https:\/\/www.bz-bodnegg.de\/index.php?rest_route=\/wp\/v2\/pages\/2917","targetHints":{"allow":["GET"]}}],"collection":[{"href":"https:\/\/www.bz-bodnegg.de\/index.php?rest_route=\/wp\/v2\/pages"}],"about":[{"href":"https:\/\/www.bz-bodnegg.de\/index.php?rest_route=\/wp\/v2\/types\/page"}],"author":[{"embeddable":true,"href":"https:\/\/www.bz-bodnegg.de\/index.php?rest_route=\/wp\/v2\/users\/4"}],"replies":[{"embeddable":true,"href":"https:\/\/www.bz-bodnegg.de\/index.php?rest_route=%2Fwp%2Fv2%2Fcomments&post=2917"}],"version-history":[{"count":20,"href":"https:\/\/www.bz-bodnegg.de\/index.php?rest_route=\/wp\/v2\/pages\/2917\/revisions"}],"predecessor-version":[{"id":9643,"href":"https:\/\/www.bz-bodnegg.de\/index.php?rest_route=\/wp\/v2\/pages\/2917\/revisions\/9643"}],"wp:attachment":[{"href":"https:\/\/www.bz-bodnegg.de\/index.php?rest_route=%2Fwp%2Fv2%2Fmedia&parent=2917"}],"curies":[{"name":"wp","href":"https:\/\/api.w.org\/{rel}","templated":true}]}}