{"id":60,"date":"2014-09-11T07:04:06","date_gmt":"2014-09-11T05:04:06","guid":{"rendered":"http:\/\/www.bz-bodnegg.de\/?page_id=60"},"modified":"2023-01-19T16:04:03","modified_gmt":"2023-01-19T14:04:03","slug":"damals-und-heute","status":"publish","type":"page","link":"https:\/\/www.bz-bodnegg.de\/?page_id=60","title":{"rendered":"Das Schulzentrum"},"content":{"rendered":"<h3 style=\"text-align: justify;\"><strong>Bildungszentrum Bodnegg\u00a0\u2013 ein Schulzentrum im Gr\u00fcnen<\/strong><\/h3>\n<p><a href=\"https:\/\/www.bz-bodnegg.de\/wp-content\/uploads\/2014\/09\/cropped-IMG_07601.jpg\"><img loading=\"lazy\" decoding=\"async\" class=\"alignnone size-thumbnail wp-image-5\" src=\"https:\/\/www.bz-bodnegg.de\/wp-content\/uploads\/2014\/09\/cropped-IMG_07601-150x150.jpg\" alt=\"cropped-IMG_07601.jpg\" width=\"150\" height=\"150\" \/> <\/a><a href=\"https:\/\/www.bz-bodnegg.de\/wp-content\/uploads\/2014\/09\/IMG_0761.jpg\"><img loading=\"lazy\" decoding=\"async\" class=\"alignnone size-thumbnail wp-image-175\" src=\"https:\/\/www.bz-bodnegg.de\/wp-content\/uploads\/2014\/09\/IMG_0761-150x150.jpg\" alt=\"IMG_0761\" width=\"150\" height=\"150\" \/><\/a> <a href=\"https:\/\/www.bz-bodnegg.de\/wp-content\/uploads\/2014\/09\/cropped-IMG_0770.jpg\"><img loading=\"lazy\" decoding=\"async\" class=\"alignnone size-thumbnail wp-image-119\" src=\"https:\/\/www.bz-bodnegg.de\/wp-content\/uploads\/2014\/09\/cropped-IMG_0770-150x150.jpg\" alt=\"cropped-IMG_0770.jpg\" width=\"150\" height=\"150\" \/> <\/a><a href=\"https:\/\/www.bz-bodnegg.de\/wp-content\/uploads\/2014\/09\/IMG_0797.jpg\"><img loading=\"lazy\" decoding=\"async\" class=\"alignnone size-thumbnail wp-image-115\" src=\"https:\/\/www.bz-bodnegg.de\/wp-content\/uploads\/2014\/09\/IMG_0797-150x150.jpg\" alt=\"IMG_0797\" width=\"150\" height=\"150\" \/><\/a><\/p>\n<p style=\"text-align: justify;\">Das <a href=\"https:\/\/www.bz-bodnegg.de\/?page_id=143\">Johann Baptist von Hirscher<\/a>-Schulzentrum (kurz: Bildungszentrum Bodnegg) ist eine Verbundschule, die von ca. 650 -700 Sch\u00fclerinnen und Sch\u00fclern besucht wird.<\/p>\n<p style=\"text-align: justify;\">Grundschule, Realschule und Werkrealschule\u00a0 bilden \u00fcber die einzelnen Schularten hinweg eine Gemeinschaft mit gemeinsamen Unterrichtsr\u00e4umen, gemeinsamen Projekten, gemeinsamen Festen, einem Kollegium (75 Lehrkr\u00e4fte), zwei Schulsozialarbeiterinnen und einer Schulleitung.<\/p>\n<p style=\"text-align: justify;\">Das Bildungszentrum Bodnegg ist seit \u00fcber 50 Jahren eine gebundene Ganztagsschule f\u00fcr alle Schularten ab der Klassenstufe 5. Die Gemeinde Bodnegg bietet f\u00fcr die Grundschulkinder ein flexibles Betreuungsangebot f\u00fcr die Zeiten vor und nach dem Unterricht.<\/p>\n<p style=\"text-align: justify;\">Ganztagsschule bedeutet am Bildungszentrum Bodnegg weit mehr als Unterricht und Mittagessen, denn \u00fcber die vielen Jahre hinweg entwickelte die Schule ein stimmiges p\u00e4dagogisches Konzept, indem neben der Vermittlung von Wissen, F\u00e4higkeiten und Fertigkeiten gleichrangig das \u00dcben und Festigen von personalen, sozialen und methodischen Kompetenzen steht. Das Leitmotiv \u201eOhne WIR gibt es kein ICH\u201c sowie die vielf\u00e4ltigen Freizeit- und Ganztagsangebote bilden die Grundlage, Schule als Lebensraum zu erfahren.<\/p>\n<p style=\"text-align: justify;\">Soziales Lernen und soziales Engagement, Pr\u00e4ventionsarbeit, Einbindung von au\u00dferschulischen Partnern sowie der Sch\u00fcleraustausch mit Vouvry sind feste Bestandteile des Schullebens.<\/p>\n<p style=\"text-align: justify;\">Au\u00dferdem setzt die Schule ein schl\u00fcssiges Konzept zur Berufsorientierung bzw. zur Vorbereitung auf den Beruf und die weitere schulische Bildung um und erhielt daf\u00fcr die Auszeichnung \u201eBerufswahl-Siegel Baden-W\u00fcrttemberg\u201c. Die Schule verf\u00fcgt \u00fcber eine sehr gute digitale Ausstattung in den Klassenzimmern. Der Einsatz von Ipads wird zunehmend fester Bestandteil im Unterricht.<\/p>\n<p style=\"text-align: justify;\">Folgende Abschl\u00fcsse k\u00f6nnen an der Schule erworben werden: Hauptschulabschluss nach Klasse 9 oder 10, <strong>Werkrealschulabschluss nach Klasse 10 (Mittlere Reife)<\/strong> und <strong>Realschulabschluss nach Klasse 10 (Mittlere Reife)<\/strong>.<\/p>\n","protected":false},"excerpt":{"rendered":"<p>Bildungszentrum Bodnegg\u00a0\u2013 ein Schulzentrum im Gr\u00fcnen Das Johann Baptist von Hirscher-Schulzentrum (kurz: Bildungszentrum Bodnegg) ist eine Verbundschule, die von ca. 650 -700 Sch\u00fclerinnen und Sch\u00fclern besucht wird. Grundschule, Realschule und Werkrealschule\u00a0 bilden \u00fcber die einzelnen Schularten hinweg eine Gemeinschaft mit gemeinsamen Unterrichtsr\u00e4umen, gemeinsamen Projekten, gemeinsamen Festen, einem Kollegium (75 Lehrkr\u00e4fte), zwei Schulsozialarbeiterinnen und einer Schulleitung. [&hellip;]<\/p>\n","protected":false},"author":4,"featured_media":0,"parent":0,"menu_order":0,"comment_status":"closed","ping_status":"closed","template":"","meta":{"_mc_calendar":[],"footnotes":""},"class_list":["post-60","page","type-page","status-publish","hentry"],"_links":{"self":[{"href":"https:\/\/www.bz-bodnegg.de\/index.php?rest_route=\/wp\/v2\/pages\/60","targetHints":{"allow":["GET"]}}],"collection":[{"href":"https:\/\/www.bz-bodnegg.de\/index.php?rest_route=\/wp\/v2\/pages"}],"about":[{"href":"https:\/\/www.bz-bodnegg.de\/index.php?rest_route=\/wp\/v2\/types\/page"}],"author":[{"embeddable":true,"href":"https:\/\/www.bz-bodnegg.de\/index.php?rest_route=\/wp\/v2\/users\/4"}],"replies":[{"embeddable":true,"href":"https:\/\/www.bz-bodnegg.de\/index.php?rest_route=%2Fwp%2Fv2%2Fcomments&post=60"}],"version-history":[{"count":10,"href":"https:\/\/www.bz-bodnegg.de\/index.php?rest_route=\/wp\/v2\/pages\/60\/revisions"}],"predecessor-version":[{"id":9562,"href":"https:\/\/www.bz-bodnegg.de\/index.php?rest_route=\/wp\/v2\/pages\/60\/revisions\/9562"}],"wp:attachment":[{"href":"https:\/\/www.bz-bodnegg.de\/index.php?rest_route=%2Fwp%2Fv2%2Fmedia&parent=60"}],"curies":[{"name":"wp","href":"https:\/\/api.w.org\/{rel}","templated":true}]}}