{"id":6353,"date":"2020-01-30T12:29:53","date_gmt":"2020-01-30T10:29:53","guid":{"rendered":"https:\/\/www.bz-bodnegg.de\/?page_id=6353"},"modified":"2026-05-07T14:28:55","modified_gmt":"2026-05-07T12:28:55","slug":"wir-ueber-uns-2","status":"publish","type":"page","link":"https:\/\/www.bz-bodnegg.de\/?page_id=6353","title":{"rendered":"Wir \u00fcber uns"},"content":{"rendered":"\n<p><strong>Vorstand<\/strong><\/p>\n\n\n\n<figure class=\"wp-block-image size-large\"><a href=\"https:\/\/www.bz-bodnegg.de\/wp-content\/uploads\/2026\/05\/HP-Vorstand-2526.jpg\"><img loading=\"lazy\" decoding=\"async\" width=\"1024\" height=\"583\" src=\"https:\/\/www.bz-bodnegg.de\/wp-content\/uploads\/2026\/05\/HP-Vorstand-2526-1024x583.jpg\" alt=\"\" class=\"wp-image-13145\" srcset=\"https:\/\/www.bz-bodnegg.de\/wp-content\/uploads\/2026\/05\/HP-Vorstand-2526-1024x583.jpg 1024w, https:\/\/www.bz-bodnegg.de\/wp-content\/uploads\/2026\/05\/HP-Vorstand-2526-300x171.jpg 300w, https:\/\/www.bz-bodnegg.de\/wp-content\/uploads\/2026\/05\/HP-Vorstand-2526-768x438.jpg 768w, https:\/\/www.bz-bodnegg.de\/wp-content\/uploads\/2026\/05\/HP-Vorstand-2526-1536x875.jpg 1536w, https:\/\/www.bz-bodnegg.de\/wp-content\/uploads\/2026\/05\/HP-Vorstand-2526-624x356.jpg 624w, https:\/\/www.bz-bodnegg.de\/wp-content\/uploads\/2026\/05\/HP-Vorstand-2526.jpg 1792w\" sizes=\"auto, (max-width: 1024px) 100vw, 1024px\" \/><\/a><\/figure>\n\n\n\n<p>Der Vorstand der F\u00f6rdergemeinschaft besteht aus zwei Vorsitzenden, Schatzmeister, Schriftf\u00fchrer und bis zu f\u00fcnf Beisitzern.<br>Er setzt sich aus Eltern, Lehrern und sozial engagierten Mitb\u00fcrgern der Gemeinde Bodnegg zusammen. Ein gutes Miteinander von Eltern, Lehrpersonal, ortsans\u00e4ssigen Firmen und der Gemeinde ist uns wichtig.<\/p>\n\n\n\n<p><strong>Kontakt:<\/strong> <a aria-label=\" (\u00f6ffnet in neuem Tab)\" rel=\"noreferrer noopener\" href=\"mailto:foerdergemeinschaft@bz-bodnegg.de\" target=\"_blank\">foerdergemeinschaft@bz-bodnegg.d<\/a><a href=\"mailto:foerdergemeinschaft@bz-bodnegg.de\" target=\"_blank\" rel=\"noreferrer noopener\" aria-label=\" (\u00f6ffnet in neuem Tab)\">e<\/a><\/p>\n\n\n\n<div class=\"wp-block-columns is-layout-flex wp-container-core-columns-is-layout-9d6595d7 wp-block-columns-is-layout-flex\">\n<div class=\"wp-block-column is-layout-flow wp-block-column-is-layout-flow\" style=\"flex-basis:66.66%\">\n<p><strong>Erster Vorsitzender<\/strong><br>Markus Ebert<br>07528 &#8211; 975253<\/p>\n\n\n\n<p><strong>Zweite Vorsitzende<\/strong><br>Sandra Klumpp<\/p>\n\n\n\n<p><strong>Schatzmeisterin<\/strong><br>Claudia Kirchhoff<br><a href=\"mailto:c.kirchhoff@bz-bodnegg.de\">c.kirchhoff@bz-bodnegg.de<\/a><\/p>\n\n\n\n<p><strong>Schriftf\u00fchrerin<\/strong><br>Anja Dvorski<br><a href=\"mailto:a.dvorski@bz-bodnegg.de\">a.dvorski@bz-bodnegg.de<\/a><\/p>\n\n\n\n<p><strong>Beisitzerinnen und Beisitzer<\/strong> <br \/>(in alphabetischer Reihenfolge)<br \/>Katharina Bosch<br \/>Danny Grusser<br \/>Karin H\u00f6rburger<br \/>Nadja Matern<br \/>Alexander Matt<\/p>\n<\/div>\n\n\n\n<div class=\"wp-block-column is-layout-flow wp-block-column-is-layout-flow\" style=\"flex-basis:33.33%\"><\/div>\n<\/div>\n\n\n\n<p><strong>Zweck\nder F\u00f6rdergemeinschaft<\/strong><\/p>\n\n\n\n<p>Am 30. M\u00e4rz 1987 wurde die &#8222;F\u00f6rdergemeinschaft e. V.&#8220; des Johann-Baptist-von-Hirscher-Bildungszentrum Bodnegg, unter der Nummer 528 im Vereinsregister eingetragen.<br> <br>Ziel und Zweck dieser Vereinigung sind auf die heutigen Erfordernisse einer umfangreichen schulischen Ausbildung abgestimmt, vor allem aber auf den besonderen Charakter der Ganztagesschule mit deren zus\u00e4tzlichen Anforderungen aber auch M\u00f6glichkeiten. Unterst\u00fctzt durch den Ganztagescharakter unserer Bildungseinrichtung, sollen die Sch\u00fclerinnen und Sch\u00fcler \u00fcber den unterrichtlichen Bereich hinaus zu einer sinnvollen eigenen Freizeit- und Lebensgestaltung angeregt und gef\u00f6rdert werden.<br> <br>Eine besondere Pflege gilt der Verbindung zu den Eltern, zu ehemaligen Sch\u00fclerinnen und Sch\u00fclern, zu Vereinen und Betrieben und zu benachbarten Schulen bzw. Einrichtungen mit \u00e4hnlicher oder gleicher Konzeption.<\/p>\n","protected":false},"excerpt":{"rendered":"<p>Vorstand Der Vorstand der F\u00f6rdergemeinschaft besteht aus zwei Vorsitzenden, Schatzmeister, Schriftf\u00fchrer und bis zu f\u00fcnf Beisitzern.Er setzt sich aus Eltern, Lehrern und sozial engagierten Mitb\u00fcrgern der Gemeinde Bodnegg zusammen. Ein gutes Miteinander von Eltern, Lehrpersonal, ortsans\u00e4ssigen Firmen und der Gemeinde ist uns wichtig. Kontakt: foerdergemeinschaft@bz-bodnegg.de Erster VorsitzenderMarkus Ebert07528 &#8211; 975253 Zweite VorsitzendeSandra Klumpp SchatzmeisterinClaudia Kirchhoffc.kirchhoff@bz-bodnegg.de [&hellip;]<\/p>\n","protected":false},"author":4,"featured_media":0,"parent":0,"menu_order":0,"comment_status":"closed","ping_status":"closed","template":"","meta":{"_mc_calendar":[],"footnotes":""},"class_list":["post-6353","page","type-page","status-publish","hentry"],"_links":{"self":[{"href":"https:\/\/www.bz-bodnegg.de\/index.php?rest_route=\/wp\/v2\/pages\/6353","targetHints":{"allow":["GET"]}}],"collection":[{"href":"https:\/\/www.bz-bodnegg.de\/index.php?rest_route=\/wp\/v2\/pages"}],"about":[{"href":"https:\/\/www.bz-bodnegg.de\/index.php?rest_route=\/wp\/v2\/types\/page"}],"author":[{"embeddable":true,"href":"https:\/\/www.bz-bodnegg.de\/index.php?rest_route=\/wp\/v2\/users\/4"}],"replies":[{"embeddable":true,"href":"https:\/\/www.bz-bodnegg.de\/index.php?rest_route=%2Fwp%2Fv2%2Fcomments&post=6353"}],"version-history":[{"count":14,"href":"https:\/\/www.bz-bodnegg.de\/index.php?rest_route=\/wp\/v2\/pages\/6353\/revisions"}],"predecessor-version":[{"id":13147,"href":"https:\/\/www.bz-bodnegg.de\/index.php?rest_route=\/wp\/v2\/pages\/6353\/revisions\/13147"}],"wp:attachment":[{"href":"https:\/\/www.bz-bodnegg.de\/index.php?rest_route=%2Fwp%2Fv2%2Fmedia&parent=6353"}],"curies":[{"name":"wp","href":"https:\/\/api.w.org\/{rel}","templated":true}]}}