{"id":801,"date":"2015-02-14T10:30:05","date_gmt":"2015-02-14T08:30:05","guid":{"rendered":"http:\/\/www.bz-bodnegg.de\/?page_id=801"},"modified":"2016-02-16T08:12:15","modified_gmt":"2016-02-16T06:12:15","slug":"mentoren","status":"publish","type":"page","link":"https:\/\/www.bz-bodnegg.de\/?page_id=801","title":{"rendered":"Mentoren"},"content":{"rendered":"<p style=\"text-align: justify;\"><strong>Die Grundschulmentoren<\/strong><br \/>\nDie Arbeit unserer Grundschulmentoren aus Klasse 9 ist ein wichtiger, inzwischen kaum mehr wegzudenkender Bestandteil des Schullebens am BZB. Sie sind abwechselnd in den gro\u00dfen Pausen am Schulvormittag und in einer Mittagspause pro Woche \u00fcber das ganze Schuljahr in der Grundschule im Einsatz. Mit viel Engagement besch\u00e4ftigen und betreuen sie die Kinder bei verschiedenen Aktivit\u00e4ten, wie Hallensport,Schwimmen, Basteln, Werken, Entspannen, Tierhaus und Pausenspielen.<br \/>\nDiese besondere Form sozialen Engagements bereichert unsere Einrichtung, da alle daran beteiligten, wie Lehrkr\u00e4fte, Mentoren und Grundsch\u00fcler mit Spa\u00df dabei sind und individuell davon profitieren k\u00f6nnen.<\/p>\n","protected":false},"excerpt":{"rendered":"<p>Die Grundschulmentoren Die Arbeit unserer Grundschulmentoren aus Klasse 9 ist ein wichtiger, inzwischen kaum mehr wegzudenkender Bestandteil des Schullebens am BZB. Sie sind abwechselnd in den gro\u00dfen Pausen am Schulvormittag und in einer Mittagspause pro Woche \u00fcber das ganze Schuljahr in der Grundschule im Einsatz. Mit viel Engagement besch\u00e4ftigen und betreuen sie die Kinder bei [&hellip;]<\/p>\n","protected":false},"author":4,"featured_media":2011,"parent":0,"menu_order":0,"comment_status":"closed","ping_status":"closed","template":"","meta":{"_mc_calendar":[],"footnotes":""},"class_list":["post-801","page","type-page","status-publish","has-post-thumbnail","hentry"],"_links":{"self":[{"href":"https:\/\/www.bz-bodnegg.de\/index.php?rest_route=\/wp\/v2\/pages\/801","targetHints":{"allow":["GET"]}}],"collection":[{"href":"https:\/\/www.bz-bodnegg.de\/index.php?rest_route=\/wp\/v2\/pages"}],"about":[{"href":"https:\/\/www.bz-bodnegg.de\/index.php?rest_route=\/wp\/v2\/types\/page"}],"author":[{"embeddable":true,"href":"https:\/\/www.bz-bodnegg.de\/index.php?rest_route=\/wp\/v2\/users\/4"}],"replies":[{"embeddable":true,"href":"https:\/\/www.bz-bodnegg.de\/index.php?rest_route=%2Fwp%2Fv2%2Fcomments&post=801"}],"version-history":[{"count":3,"href":"https:\/\/www.bz-bodnegg.de\/index.php?rest_route=\/wp\/v2\/pages\/801\/revisions"}],"predecessor-version":[{"id":2012,"href":"https:\/\/www.bz-bodnegg.de\/index.php?rest_route=\/wp\/v2\/pages\/801\/revisions\/2012"}],"wp:featuredmedia":[{"embeddable":true,"href":"https:\/\/www.bz-bodnegg.de\/index.php?rest_route=\/wp\/v2\/media\/2011"}],"wp:attachment":[{"href":"https:\/\/www.bz-bodnegg.de\/index.php?rest_route=%2Fwp%2Fv2%2Fmedia&parent=801"}],"curies":[{"name":"wp","href":"https:\/\/api.w.org\/{rel}","templated":true}]}}