{"id":9504,"date":"2023-01-09T13:02:07","date_gmt":"2023-01-09T11:02:07","guid":{"rendered":"https:\/\/www.bz-bodnegg.de\/?page_id=9504"},"modified":"2023-01-09T14:20:52","modified_gmt":"2023-01-09T12:20:52","slug":"grusswort-des-buergermeisters","status":"publish","type":"page","link":"https:\/\/www.bz-bodnegg.de\/?page_id=9504","title":{"rendered":"Gru\u00dfwort des B\u00fcrgermeisters"},"content":{"rendered":"\n<div class=\"wp-block-media-text alignwide is-stacked-on-mobile is-vertically-aligned-top\" style=\"grid-template-columns:25% auto\"><figure class=\"wp-block-media-text__media\"><img loading=\"lazy\" decoding=\"async\" width=\"683\" height=\"1024\" src=\"https:\/\/www.bz-bodnegg.de\/wp-content\/uploads\/2023\/01\/soendgen-01-31.10.22_6359-683x1024.jpg\" alt=\"\" class=\"wp-image-9505 size-full\" srcset=\"https:\/\/www.bz-bodnegg.de\/wp-content\/uploads\/2023\/01\/soendgen-01-31.10.22_6359-683x1024.jpg 683w, https:\/\/www.bz-bodnegg.de\/wp-content\/uploads\/2023\/01\/soendgen-01-31.10.22_6359-200x300.jpg 200w, https:\/\/www.bz-bodnegg.de\/wp-content\/uploads\/2023\/01\/soendgen-01-31.10.22_6359-768x1152.jpg 768w, https:\/\/www.bz-bodnegg.de\/wp-content\/uploads\/2023\/01\/soendgen-01-31.10.22_6359-624x936.jpg 624w\" sizes=\"auto, (max-width: 683px) 100vw, 683px\" \/><\/figure><div class=\"wp-block-media-text__content\">\n<p class=\"has-small-font-size\">Liebe Besucherinnen und Besucher,<\/p>\n\n\n\n<p class=\"has-text-align-left has-small-font-size\">ich darf Sie auch im Namen der Gemeinde herzlich auf der Seite des Bildungszentrums Bodnegg begr\u00fc\u00dfen. Herzlich d\u00fcrfen Sie w\u00f6rtlich nehmen, denn das Bildungszentrum ist nicht nur geografisch im Herzen der Gemeinde verankert, sondern ist Dreh- und Angelpunkt f\u00fcr viele Veranstaltungen mit und um unsere Schulgemeinschaft.<\/p>\n\n\n\n<p class=\"has-small-font-size\">Wenn Sie mit den B\u00fcrgerinnen und B\u00fcrger Bodneggs und der Umgebung in den Austausch treten, dann sprechen Sie oft mit mehreren Generationen, die ihre Schulzeit in unseren Klassenzimmern, Fluren und Hallen verbrachten. Das liegt nicht etwa daran, dass unsere Schule alt ist, sondern dass sie sich mit ihren erprobten und stetig angepassten Konzepten bew\u00e4hrt hat.<\/p>\n\n\n\n<p class=\"has-small-font-size\">Die Sch\u00fclerinnen und Sch\u00fcler verbringen einen Gro\u00dfteil Ihres Tages bei uns. In dieser Zeit haben sie zurecht den Anspruch auf gute und verl\u00e4ssliche Betreuung, Bildung, Schutz und nicht zuletzt F\u00fcrsorge. Um diesen Anspruch gerecht zu werden, arbeiten wir eng mit der Schulleitung zusammen. F\u00fcr uns als Gemeinde ist es das gr\u00f6\u00dfte Lob, wenn Sie ihre Kinder gerne in unsere Schule schicken und unsere P\u00e4dagoginnen und P\u00e4dagogen, sowie unsere Mitarbeiterinnen und Mitarbeiter gerne bei uns arbeiten.<\/p>\n\n\n\n<p class=\"has-small-font-size\">Ich lade Sie herzlich dazu ein, sich selbst ein Bild zu machen.<\/p>\n\n\n\n<p class=\"has-small-font-size\">Ihr<br><em><strong>Patrick S\u00f6ndgen<\/strong><\/em><br>B\u00fcrgermeister<\/p>\n<\/div><\/div>\n","protected":false},"excerpt":{"rendered":"<p>Liebe Besucherinnen und Besucher, ich darf Sie auch im Namen der Gemeinde herzlich auf der Seite des Bildungszentrums Bodnegg begr\u00fc\u00dfen. Herzlich d\u00fcrfen Sie w\u00f6rtlich nehmen, denn das Bildungszentrum ist nicht nur geografisch im Herzen der Gemeinde verankert, sondern ist Dreh- und Angelpunkt f\u00fcr viele Veranstaltungen mit und um unsere Schulgemeinschaft. Wenn Sie mit den B\u00fcrgerinnen [&hellip;]<\/p>\n","protected":false},"author":4,"featured_media":0,"parent":0,"menu_order":0,"comment_status":"closed","ping_status":"closed","template":"","meta":{"_mc_calendar":[],"footnotes":""},"class_list":["post-9504","page","type-page","status-publish","hentry"],"_links":{"self":[{"href":"https:\/\/www.bz-bodnegg.de\/index.php?rest_route=\/wp\/v2\/pages\/9504","targetHints":{"allow":["GET"]}}],"collection":[{"href":"https:\/\/www.bz-bodnegg.de\/index.php?rest_route=\/wp\/v2\/pages"}],"about":[{"href":"https:\/\/www.bz-bodnegg.de\/index.php?rest_route=\/wp\/v2\/types\/page"}],"author":[{"embeddable":true,"href":"https:\/\/www.bz-bodnegg.de\/index.php?rest_route=\/wp\/v2\/users\/4"}],"replies":[{"embeddable":true,"href":"https:\/\/www.bz-bodnegg.de\/index.php?rest_route=%2Fwp%2Fv2%2Fcomments&post=9504"}],"version-history":[{"count":3,"href":"https:\/\/www.bz-bodnegg.de\/index.php?rest_route=\/wp\/v2\/pages\/9504\/revisions"}],"predecessor-version":[{"id":9510,"href":"https:\/\/www.bz-bodnegg.de\/index.php?rest_route=\/wp\/v2\/pages\/9504\/revisions\/9510"}],"wp:attachment":[{"href":"https:\/\/www.bz-bodnegg.de\/index.php?rest_route=%2Fwp%2Fv2%2Fmedia&parent=9504"}],"curies":[{"name":"wp","href":"https:\/\/api.w.org\/{rel}","templated":true}]}}

Grußwort des Bürgermeisters

<div class="wp-block-media-text alignwide is-stacked-on-mobile is-vertically-aligned-top" style="grid-template-columns:25% auto"><figure class="wp-block-media-text__media"><img loading="lazy" decoding="async" width="683" height="1024" src="https://www.bz-bodnegg.de/wp-content/uploads/2023/01/soendgen-01-31.10.22_6359-683x1024.jpg" alt="" class="wp-image-9505 size-full" srcset="https://www.bz-bodnegg.de/wp-content/uploads/2023/01/soendgen-01-31.10.22_6359-683x1024.jpg 683w, https://www.bz-bodnegg.de/wp-content/uploads/2023/01/soendgen-01-31.10.22_6359-200x300.jpg 200w, https://www.bz-bodnegg.de/wp-content/uploads/2023/01/soendgen-01-31.10.22_6359-768x1152.jpg 768w, https://www.bz-bodnegg.de/wp-content/uploads/2023/01/soendgen-01-31.10.22_6359-624x936.jpg 624w" sizes="auto, (max-width: 683px) 100vw, 683px" /></figure><div class="wp-block-media-text__content">
<p class="has-small-font-size">Liebe Besucherinnen und Besucher,</p>



<p class="has-text-align-left has-small-font-size">ich darf Sie auch im Namen der Gemeinde herzlich auf der Seite des Bildungszentrums Bodnegg begrüßen. Herzlich dürfen Sie wörtlich nehmen, denn das Bildungszentrum ist nicht nur geografisch im Herzen der Gemeinde verankert, sondern ist Dreh- und Angelpunkt für viele Veranstaltungen mit und um unsere Schulgemeinschaft.</p>



<p class="has-small-font-size">Wenn Sie mit den Bürgerinnen und Bürger Bodneggs und der Umgebung in den Austausch treten, dann sprechen Sie oft mit mehreren Generationen, die ihre Schulzeit in unseren Klassenzimmern, Fluren und Hallen verbrachten. Das liegt nicht etwa daran, dass unsere Schule alt ist, sondern dass sie sich mit ihren erprobten und stetig angepassten Konzepten bewährt hat.</p>



<p class="has-small-font-size">Die Schülerinnen und Schüler verbringen einen Großteil Ihres Tages bei uns. In dieser Zeit haben sie zurecht den Anspruch auf gute und verlässliche Betreuung, Bildung, Schutz und nicht zuletzt Fürsorge. Um diesen Anspruch gerecht zu werden, arbeiten wir eng mit der Schulleitung zusammen. Für uns als Gemeinde ist es das größte Lob, wenn Sie ihre Kinder gerne in unsere Schule schicken und unsere Pädagoginnen und Pädagogen, sowie unsere Mitarbeiterinnen und Mitarbeiter gerne bei uns arbeiten.</p>



<p class="has-small-font-size">Ich lade Sie herzlich dazu ein, sich selbst ein Bild zu machen.</p>



<p class="has-small-font-size">Ihr<br><em><strong>Patrick Söndgen</strong></em><br>Bürgermeister</p>
</div></div>

<p>Liebe Besucherinnen und Besucher, ich darf Sie auch im Namen der Gemeinde herzlich auf der Seite des Bildungszentrums Bodnegg begrüßen. Herzlich dürfen Sie wörtlich nehmen, denn das Bildungszentrum ist nicht nur geografisch im Herzen der Gemeinde verankert, sondern ist Dreh- und Angelpunkt für viele Veranstaltungen mit und um unsere Schulgemeinschaft. Wenn Sie mit den Bürgerinnen [&hellip;]</p>
